100111110111101100
1012212112121 (base 3) to base 4
2131331221
15242535 (base 7) to base 14
29c855
Convert 63ad1 (base 14) to base 9.
406364
-210827 (base 9) to base 14
-33964
Convert 110111011010111001 (base 2) to base 13.
7c428
199432 (base 13) to base 9
1188024
66311647 (base 8) to base 7
232125516
Convert 70753 (base 12) to base 3.
21102120200
1549b4 (base 14) to base 2
10110101010110010010
-2000563 (base 9) to base 8
-4034660
53320e (base 15) to base 11
226478a
Convert 6694 (base 11) to base 4.
2021233
Convert 321457 (base 8) to base 6.
2144451
What is 50125242 (base 7) in base 10?
4141167
What is 346200 (base 10) in base 5?
42034300
-33463464 (base 8) to base 3
-111121121002001
-133331340 (base 5) to base 4
-2212311101
What is 3371403 (base 8) in base 4?
3133030003
What is 149c1d (base 14) in base 3?
1100111200110
Convert 130034403 (base 5) to base 14.
12495c
101022010201000 (base 3) to base 8
24704416
What is 18106 (base 14) in base 11?
41564
3471ac (base 14) to base 12
721b70
-1235001 (base 7) to base 16
-271b6
What is 29383 (base 15) in base 16?
20547
Convert 232a3 (base 14) to base 10.
85599
What is -1011110011101000000010 (base 2) in base 10?
-3095042
What is 7354 (base 12) in base 14?
4836
64a11 (base 12) to base 16
206ad
What is -48000 (base 12) in base 15?
-1da13
Convert -238717 (base 11) to base 3.
-201011212220
What is 40500530 (base 6) in base 13?
3175c2
2682eb (base 15) to base 5
433201141
313204303 (base 5) to base 15
1ab438
15620025 (base 7) to base 15
1ee936
-11000426 (base 8) to base 7
-26025140
7557 (base 10) to base 2
1110110000101
What is -1424447 (base 8) in base 10?
-403751
Convert 9b243a (base 13) to base 3.
20212222211220
Convert 130301211010 (base 4) to base 15.
9deedd
What is -106db (base 16) in base 15?
-14e11
-221155 (base 6) to base 5
-1042211
What is -28605 (base 9) in base 5?
-1110240
-47020 (base 12) to base 6
-2012040
Convert -688355 (base 9) to base 11.
-262250
What is 72369 (base 10) in base 11?
4a410
Convert -22222221222221 (base 3) to base 8.
-22174236
Convert -10110010111010010011 (base 2) to base 8.
-2627223
Convert 3462160 (base 8) to base 11.
59471a
-3335306 (base 9) to base 13
-4ab077
What is -13223031 (base 5) in base 7?
-1062303
What is 206695 (base 10) in base 6?
4232531
What is -2042322201 (base 5) in base 2?
-10000010000010000111110
-22012220002110 (base 3) to base 10
-4367505
12838 (base 13) to base 15
a2a4
Convert -2633661 (base 7) to base 16.
-54285
What is 44441432 (base 5) in base 16?
5f462
-1200a (base 14) to base 6
-535150
Convert 2907 (base 15) to base 11.
6664
-101111000001010110001 (base 2) to base 4
-11320022301
What is 10211122221 (base 3) in base 14?
1d77d
Convert 12103103103 (base 4) to base 15.
2296d3
What is -152c0bb (base 13) in base 14?
-c82110
What is -178739a (base 11) in base 9?
-5621588
What is -a7ab9c (base 14) in base 4?
-111221331112
Convert 536678 (base 12) to base 6.
44124232
Convert -51310503 (base 6) to base 3.
-2202202000210
1112101202121 (base 3) to base 14
172d57
Convert -20b2eb (base 16) to base 10.
-2142955
What is -1936489 (base 13) in base 16?
-7e2944
101201121120000 (base 3) to base 13
1247868
What is -116a113 (base 14) in base 16?
-7f0985
10000010111011000011 (base 2) to base 14
dd603
-3a7b03 (base 13) to base 2
-101011001111000011010
What is 1d548d (base 14) in base 12?
428871
Convert 11100010111010011 (base 2) to base 11.
7a318
Convert -70851 (base 9) to base 4.
-23120131
11085200 (base 9) to base 7
63436014
Convert 186379 (base 12) to base 7.
3421566
What is -134310222 (base 5) in base 2?
-10101010010011011010
Convert -1388104 (base 11) to base 10.
-2382615
What is 13461e (base 15) in base 10?
926129
Convert 92017 (base 11) to base 10.
134449
What is 42c934 (base 14) in base 5?
1034402431
-4646123 (base 8) to base 10
-1264723
-81575 (base 12) to base 5
-20342200
-111212022111 (base 3) to base 8
-1024753
What is 15ae8 (base 15) in base 13?
25b02
What is 64a86 (base 13) in base 15?
38da4
What is a5351 (base 13) in base 15?
5d0b3
What is -112112210010 (base 3) in base 4?
-1011322002
Convert 32618 (base 15) to base 12.
78712
1a7007 (base 15) to base 2
100111010110000101001
-2629ce (base 16) to base 2
-1001100010100111001110
What is -216b79 (base 13) in base 4?
-2333331300
What is -758a2b (base 15) in base 3?
-101112102001212
11001111111111111 (base 2) to base 4
121333333
What is 5994d (base 14) in base 5?
23443414
Convert -2398340 (base 11) to base 13.
-b2c82c
-649146 (base 10) to base 11
-403793
What is -210602 (base 15) in base 11?
-983124
What is -1022302011 (base 4) in base 10?
-306309
What is 1d4071 (base 15) in base 16?
15d642
Convert 1877488 (base 9) to base 14.
1d6803
Convert -2030420 (base 6) to base 2.
-10111110001001100
What is 602012 (base 16) in base 10?
6299666
-36415 (base 11) to base 12
-263b5
Convert -6760701 (base 9) to base 10.
-3641923
-812914 (base 10) to base 12
-33252a
-5b45f (base 16) to base 8
-1332137
Convert 249a2 (base 15) to base 16.
1c8bf
What is 4350623 (base 8) in base 14?
2257d9
What is 219b9 (base 14) in base 12?
3b1bb
-12ed76 (base 15) to base 13
-25b801
What is -120120021102002 (base 3) in base 6?
-453145302
-3071210 (base 9) to base 2
-110010000101010111110
Convert 100010000011110110010 (base 2) to base 13.
301006
Convert 703250 (base 9) to base 15.
832ac
What is 13372660 (base 8) in base 16?
2df5b0
What is -1131333021 (base 4) in base 9?
-646063
Convert 1d1cc (base 16) to base 11.
81654
What is a87233 (base 11) in base 13?
48a964
What is -363411 (base 9) in base 11?
-13a622
What is 1062041 (base 7) in base 14?
36558
Convert -3a915 (base 11) to base 6.
-1130030
10111111010011011101110 (base 2) to base 16
5fa6ee
What is 455d84 (base 14) in base 12?
959728
168b61 (base 13) to base 7
4530663
What is -64418 (base 13) in base 16?
-2c273
Convert -130322231221 (base 4) to base 6.
-430251001
-53511720 (base 8) to base 9
-23467217
Convert -1343021110 (base 5) to base 12.
-1201298
-1c626 (base 16) to base 4
-130120212
Convert 148031 (base 9) to base 15.
1c01d
Convert -111011111100111011010 (base 2) to base 7.
-22461265
Convert -34010332 (base 5) to base 14.
-7a648
-1000100111100101000 (base 2) to base 3
-112100101120
Convert 1817103 (base 9) to base 3.
1220121010010
812258 (base 11) to base 14
25dd4c
Convert 1186314 (base 10) to base 2.
100100001101000001010
-20552224 (base 6) to base 13
-182944
259205 (base 15) to base 8
6700721
510076 (base 8) to base 5
20333443
-1c19527 (base 14) to base 13
-2baac7b
1010000100001110 (base 2) to base 3
2002120001
-100100111011010 (base 2) to base 7
-106056
130021200333 (base 4) to base 14
da11dd
-1133536 (base 10) to base 6
-40143504
118847 (base 10) to base 11
81323
-2231c9 (base 14) to base 4
-10123131331
-10142303212 (base 5) to base 16
-a05def
Convert -313666 (base 8) to base 16.
-197b6
Convert -10100011101101010110 (base 2) to base 10.
-670550
-2313232223 (base 4) to base 7
-6253016
What is -12113414 (base 6) in base 13?
-1054cc
What is -13142114 (base 5) in base 11?
-8a399
Convert -80117 (base 9) to base 3.
-2200010121
Convert -665211 (base 10) to base 14.
-1345d1
Convert -36265 (base 11) to base 16.
-cbfe
Convert -6c0493 (base 14) to base 4.
-32010212101
Convert 2212222212 (base 3) to base 9.
85885
What is -23a25b (base 12) in base 2?
-10001100111111100111
What is 11321111313 (base 4) in base 7?
16065045
1515a5 (base 11) to base 16
39b13
What is a3a21 (base 14) in base 11?
24a339
Convert 1157464 (base 8) to base 11.
1a8979
What is e0c9 (base 16) in base 8?
160311
-3672124 (base 10) to base 13
-9b7571
Convert 141308 (base 9) to base 8.
250401
Convert -17c5196 (base 13) to base 4.
-131223120131
What is -485680 (base 12) in base 13?
-31cbba
Convert 421254524 (base 6) to base 10.
7348084
What is 110001111000 (base 2) in base 12?
1a20
Convert 53135 (base 9) to base 16.
8921
-1212211001111 (base 3) to base 10
-1000228
2010010210 (base 3) to base 10
41655
Convert -9048254 (base 10) to base 4.
-202201002332
-301234323 (base 5) to base 7
-13111334
What is -10041 (base 11) in base 8?
-34536
Convert 1021121121 (base 4) to base 11.
195963
What is -11022123010 (base 5) in base 16?
-b5bf5d
What is -52004 (base 12) in base 5?
-11412030
Convert -2233303333 (base 4) to base 7.
-6056332
What is 47538